+ 4621 = 3*l. Is l composite?
True
Let q(m) = -3*m + 2. Let w be q(0). Suppose -4*g + w*d = -7388, 4*g + 3*d = 2*d + 7388. Is g a composite number?
False
Let h(r) = -48*r**2 + 6*r - 5. Let g be h(1). Let x = -42 - g. Suppose -5*k + 5154 = -2*k - 3*y, -x*y = 4*k - 6863. Is k prime?
False
Let l be 5216/40 + 6/(-15). Suppose -z - 4 = 0, 5*z - 19024 = -2*j + l. Is j a composite number?
False
Let d(t) = 7*t - 64. Let b be d(10). Is 8/((-96)/(-123500)) + (-4)/b a prime number?
False
Suppose 3*d - 7*d + 32178 = 5*v, -v + 7*d + 6459 = 0. Suppose 2*r - 6458 = -3*x, v = 4*r - 2*r - 2*x. Is r prime?
False
Let f = 111 - 105. Let w(u) = 4*u**3 - 2*u**2 - 19*u + 0*u + 4*u - u**3 + 7. Is w(f) prime?
False
Let y be 20/(-2) - 230/46. Let a(b) = -711*b - 4. Is a(y) a prime number?
False
Suppose 7*r = -268 + 142. Is (-2574)/(-2) - (r + 10 + 12) a prime number?
True
Suppose 4*x + 3*w - 36909 = 0, 7044 = 5*x - 4*w - 39131. Suppose -4*d - 2975 = -x. Suppose -2*u + 6*u + l - 6351 = 0, 0 = u + 5*l - d. Is u prime?
False
Suppose -16*z + 18*z - 60 = 0. Let v be 4*5*3/z. Suppose -f - q = -217 - 736, 5*f + v*q - 4771 = 0. Is f a composite number?
True
Let o be (10/(-4))/1*(-20)/(-25). Let q = o + 0. Is 3 + (145 - (1 + q)) composite?
False
Suppose 21*m = 233*m - 8949156. Is m a prime number?
False
Let y(c) = -c**3 + 22*c**2 - 36*c + 19. Let h be y(19). Is 44/h + 0 + (-252333)/(-57) composite?
True
Is 56790/(-36)*(-2466)/45 composite?
True
Let u(g) = 44*g**2 + 169*g - 1052. Is u(-63) a composite number?
False
Let y be (-26 - -31) + (0/(-2) - -1). Suppose 15828 = -0*h + y*h. Is h composite?
True
Suppose 1772 = 32*k + 300. Is k/(-345) - ((-108107)/(-15))/(-1) prime?
True
Let z = 9145 - 3462. Suppose -h - 22*u = -17*u - z, h + u = 5699. Is h a composite number?
True
Is (9/(8 - (-391)/(-68)))/((-4)/(-121921)) a composite number?
False
Let r(b) = -11*b**2 + b. Let o be r(-1). Let n(i) = -23*i - 35. Let d be n(o). Suppose 5*p - d + 1 = -4*v, -4*v = 3*p - 232. Is v a prime number?
False
Suppose -2*f - 1 = q, 4*q + 4*f = 5 + 11. Let z(r) = 4*r**2 - 3*r - 2. Let x be z(q). Let t = 836 - x. Is t composite?
False
Let w = -35 - -46. Suppose 0 = 4*f + w*f - 3795. Is f composite?
True
Let g be 0 - ((-15)/(-15) + -5*1). Suppose 35451 = 4*f + 3*p, -g*p - 10026 - 7672 = -2*f. Is f a prime number?
False
Let k(c) = 6338*c - 201. Is k(10) composite?
False
Let a(x) = 18*x**2 - 1. Let n be -10 - (3 - 8/4). Let u = 13 + n. Is a(u) a prime number?
True
Suppose 0 = 3*o - 3*w - 327, 10*o - 12*o + 234 = 2*w. Suppose -121*m + o*m = -118856. Is m prime?
False
Suppose -5*i = -153 + 8. Suppose 4*c - i = 11. Let y(q) = 2*q**2 - 9. Is y(c) composite?
False
Let t = -267510 + 638225. Is t a composite number?
True
Suppose 45*p + 3*b - 104317 = 41*p, p + 2*b = 26083. Is p a prime number?
False
Let r = 356474 + -150483. Is r a composite number?
False
Let d = 2239 - 1905. Is d a prime number?
False
Suppose 8618 + 16494 = 8*c. Suppose -5*s + c = 3*v, -2*v - 3151 = -5*s + v. Is s a prime number?
False
Is 2*6*241616/192 a composite number?
False
Let r(h) = 20*h**2 + 3*h - 2. Let g be r(1). Suppose -19*n = -g*n + 10. Suppose -n*j = -22552 + 3317. Is j prime?
True
Is 1*2 - (-29022 - -75) composite?
False
Let u(d) be the third derivative of -d**5/60 + d**4/3 - 2*d**3/3 + 30*d**2. Let k be u(7). Suppose -k*n + 991 = -560. Is n a prime number?
False
Let p be (4/6)/(13/78). Let i(a) = 128*a - 17 - 4 + 6 - p. Is i(15) a composite number?
False
Let l(c) = -c**3 + 13*c**2 + c - 6. Let u be l(13). Suppose b - u*b = -36120. Is ((-2)/(-4))/(1 - b/6024) a composite number?
True
Let l be 304/(-48) - -1*8/6. Is 5/(l/(-4268)) + (-24)/(-8) composite?
False
Let u = 84 - 81. Suppose -9*k = u*k - 27708. Is k prime?
True
Let s be (-4)/((-24)/5522) - 4/12. Suppose 606 = 2*v - s. Let d = v + -506. Is d a prime number?
True
Let o = 10062 + 5657. Suppose 5*a = -k + o, -6270 = -2*a + 26*k - 22*k. Is a composite?
True
Let d = -8354 + 59061. Is d a composite number?
False
Let x(i) = -5*i**2 + 2*i**2 - 47 + 4*i**2 - 39*i + 6*i**2. Is x(-8) composite?
True
Let k be (-2)/3 + 45984/18. Suppose 0 = 23*i + 24 - 116. Is (1 + 1)/(i/k) a composite number?
False
Let t(h) = h**2 - 15*h - 86. Let q be t(19). Let a(m) be the third derivative of -m**6/60 - 11*m**5/60 + 5*m**4/24 - 11*m**3/6 - m**2. Is a(q) prime?
True
Let i(o) = 9*o**2 - 168*o - 49. Let x be i(20). Let m be ((-328)/10)/((-3)/15). Let g = x + m. Is g composite?
True
Let d = 185043 - 85184. Is d a composite number?
False
Let n be 22/(-154) + (-2 - (-78)/7). Suppose 3310 = -n*h + 11*h. Is h prime?
False
Let b be 0 + (-12)/8*-2. Let r be (-21)/42 + 929/2. Suppose -b*z + r + 337 = 0. Is z prime?
False
Let u(w) = -w**3 + 6*w**2 + 4*w + 3. Let l be 6*((-3)/6 + (-12)/(-8)). Let x be u(l). Is (9/x)/(1/2211) prime?
False
Let c = -17720 + 35239. Is c a composite number?
False
Let c be (4 + -7 - -3)*4/16. Suppose c - 16 = -8*n. Is (-5 + 1367 - 3) + n a composite number?
False
Let r = -268 + 377. Suppose -38 = -r*w + 107*w. Is w composite?
False
Suppose -5*r + 60127 = 2*m, 5*r - 31822 - 28297 = -4*m. Suppose r = -13*h + 61414. Is h composite?
True
Let j(l) = 401*l**2 + 3*l - 21. Let p be j(5). Let a = 8598 + p. Is a prime?
True
Let t(c) = 133*c + 842. Is t(21) prime?
False
Let y = -21 - -23. Let x(a) = 1988*a + 10. Let s be x(y). Suppose i = -i + s. Is i a prime number?
True
Let q(t) = 61*t**2 - t - 1. Let z be q(-1). Let k be 11950/190 + 12/114. Suppose -k*a + 862 = -z*a. Is a composite?
False
Is (4/(-3))/((-484)/8278941) composite?
False
Let v = 155691 + -101722. Suppose 37*s - v = 8*s. Is s composite?
False
Let n be 4/(-6)*((-45)/(-10))/3. Is (1*n)/((-10)/48610) composite?
False
Let v be (1 + -16)*(-4 + -6 + 9). Suppose 0 = -v*z + 17*z - 1822. Is z composite?
False
Let w(g) = 54 + 20 - 316*g + 11 + 41 + 9. Is w(-14) a composite number?
True
Suppose 10*q - 8*q - 3899837 = -35*q. Is q a prime number?
True
Let r(p) = 36241*p + 2785. Is r(12) a composite number?
False
Is (0 - -79)*-2*1/2*-719 prime?
False
Suppose y = -18*c + 21*c + 6805, c = 0. Is y composite?
True
Suppose 0 = -3*l + 3*x - 9, 0 = -4*x + 20. Suppose -2042 = -l*v - 2*a, 10 = 4*a + a. Is v composite?
False
Let s(a) = 18*a + 3. Let f(n) = n**2 + 3*n - 15. Let c be f(-7). Let r be s(c). Let g = r + 136. Is g prime?
True
Suppose -4*w + 66740 + 232638 = 2*f, 0 = 4*f - 4*w - 598756. Is f a composite number?
False
Suppose -14*k + 4*k = 184184 - 818674. Is k composite?
True
Let m(q) = -q**3 + q**2 + 13*q + 216511. Is m(0) a prime number?
False
Let i = -63397 - -108306. Is i a prime number?
True
Suppose 39 - 75 = -2*d. Suppose -2*a - d = -28. Let b(q) = 146*q**2 - 9. Is b(a) composite?
True
Let t be (-10)/25 - 11/((-275)/60). Suppose -t*h - 5583 = -3*i - 5*h, -3*h = 2*i - 3718. Is i composite?
True
Let w be 14/3*3 + (-2)/(-2). Is (-14)/105 + 29717/w prime?
False
Let y(h) = h**3 - 12*h**2 - 24*h - 12. Let d be y(14). Is (56617/d)/((-2)/(-8)) composite?
False
Let o(h) = -h**3 - 20*h**2 + h + 363. Let k be o(-19). Let x(m) = -112*m - 7. Let n(r) = 1120*r + 70. Let j(w) = -5*n(w) - 49*x(w). Is j(k) composite?
True
Let b = 30571 + -15252. Is b a composite number?
False
Suppose 5 = -5*i, -6*i = -3*g - i + 41720. Is g - ((-22)/(-4) + 18/(-12)) prime?
True
Suppose -z - 10 = -3*j, -j = -3*z + 2*z. Suppose -24 = -6*x + 2*x - g, 10 = -2*x + z*g. Suppose -4*i + 0*a + 1530 = -2*a, 2*i - 747 = -x*a. Is i composite?
True
Let w(x) = 3416*x**3 + 50*x - 6 + 4 + x**2 - 50*x. Is w(1) a prime number?
False
Suppose 125055 = 5*b - 2*n, 4*b + 3*n - 132287 = -32220. Is b a prime number?
True
Suppose h = 3*g + 651797, -22*g - 4 = -20*g. Is h prime?
False
Let v be (-51)/(-17) + 0/(-2). Suppose -v = 2*l - 9. Suppose -1029 = -l*n + 1332. Is n a prime number?
True
Let n = 27 + -19. Suppose 11911 = n*q - 2313. Is (-6)/(-4)*(q/6 - -3) composite?
False
Suppose -1404*y + 1520*y = 90990632. Is y prime?
False
Let t(a) = -a. Let r be t(-7). Let i(b) = -22*b**2 - b - 14*b**2 + 2*b - 11*b**2 + 4*b**3 - 10 + 37*b**2. Is i(r) a prime number?
False
Let j(p) = 199*p**2 - 25*p - 60. Let y be j(13). Is (((-12)/4)/(-6))/(9/y) prime?
True
Suppose -5*t - z + 323 = 0, 30 = t + 2*z - 40. Let n = 60 - t. Is 20 - (8 + -5)/(6/n) a composite number?
True
Let f(x) be the second derivative of 31*